[INFO] cloning repository https://github.com/jaredly/story-engine
[INFO] running `Command { std: "git" "-c" "credential.helper=" "-c" "credential.helper=/workspace/cargo-home/bin/git-credential-null" "clone" "--bare" "https://github.com/jaredly/story-engine" "/workspace/cache/git-repos/https%3A%2F%2Fgithub.com%2Fjaredly%2Fstory-engine", kill_on_drop: false }`
[INFO] [stderr] Cloning into bare repository '/workspace/cache/git-repos/https%3A%2F%2Fgithub.com%2Fjaredly%2Fstory-engine'...
[INFO] running `Command { std: "git" "rev-parse" "HEAD", kill_on_drop: false }`
[INFO] [stdout] da0f19d4ef5a25d3856860bc2b23cfbdc479a2a9
[INFO] checking jaredly/story-engine against master#cfbc6d4cf1acbac5c025acf8ed68929caa551df3 for pr-75494-beta
[INFO] running `Command { std: "git" "clone" "/workspace/cache/git-repos/https%3A%2F%2Fgithub.com%2Fjaredly%2Fstory-engine" "/workspace/builds/worker-8/source", kill_on_drop: false }`
[INFO] [stderr] Cloning into '/workspace/builds/worker-8/source'...
[INFO] [stderr] done.
[INFO] validating manifest of git repo https://github.com/jaredly/story-engine on toolchain cfbc6d4cf1acbac5c025acf8ed68929caa551df3
[INFO] running `Command { std: "/workspace/cargo-home/bin/cargo" "+cfbc6d4cf1acbac5c025acf8ed68929caa551df3" "read-manifest" "--manifest-path" "Cargo.toml", kill_on_drop: false }`
[INFO] started tweaking git repo https://github.com/jaredly/story-engine
[INFO] finished tweaking git repo https://github.com/jaredly/story-engine
[INFO] tweaked toml for git repo https://github.com/jaredly/story-engine written to /workspace/builds/worker-8/source/Cargo.toml
[INFO] crate git repo https://github.com/jaredly/story-engine already has a lockfile, it will not be regenerated
[INFO] running `Command { std: "/workspace/cargo-home/bin/cargo" "+cfbc6d4cf1acbac5c025acf8ed68929caa551df3" "fetch" "--locked" "--manifest-path" "Cargo.toml", kill_on_drop: false }`
[INFO] [stderr]  Downloading crates ...
[INFO] [stderr]   Downloaded perlin_noise v1.0.1
[INFO] [stderr]   Downloaded alga v0.9.2
[INFO] [stderr]   Downloaded strum v0.16.0
[INFO] [stderr]   Downloaded strum_macros v0.16.0
[INFO] running `Command { std: "docker" "create" "-v" "/var/lib/crater-agent-workspace/builds/worker-8/target:/opt/rustwide/target:rw,Z" "-v" "/var/lib/crater-agent-workspace/builds/worker-8/source:/opt/rustwide/workdir:ro,Z" "-v" "/var/lib/crater-agent-workspace/cargo-home:/opt/rustwide/cargo-home:ro,Z" "-v" "/var/lib/crater-agent-workspace/rustup-home:/opt/rustwide/rustup-home:ro,Z" "-e" "SOURCE_DIR=/opt/rustwide/workdir" "-e" "CARGO_TARGET_DIR=/opt/rustwide/target" "-e" "CARGO_HOME=/opt/rustwide/cargo-home" "-e" "RUSTUP_HOME=/opt/rustwide/rustup-home" "-w" "/opt/rustwide/workdir" "-m" "1610612736" "--user" "0:0" "--network" "none" "rustops/crates-build-env@sha256:a636fd89d022f18117e1dc8fb37a0a009933cdbbe082814857f0e2024962d47c" "/opt/rustwide/cargo-home/bin/cargo" "+cfbc6d4cf1acbac5c025acf8ed68929caa551df3" "metadata" "--no-deps" "--format-version=1", kill_on_drop: false }`
[INFO] [stderr] WARNING: Your kernel does not support swap limit capabilities or the cgroup is not mounted. Memory limited without swap.
[INFO] [stdout] f968b73baba41f3bfa2dc507faedfa582aa47431f746b7d72f1b7cff36e89263
[INFO] running `Command { std: "docker" "start" "-a" "f968b73baba41f3bfa2dc507faedfa582aa47431f746b7d72f1b7cff36e89263", kill_on_drop: false }`
[INFO] running `Command { std: "docker" "inspect" "f968b73baba41f3bfa2dc507faedfa582aa47431f746b7d72f1b7cff36e89263", kill_on_drop: false }`
[INFO] running `Command { std: "docker" "rm" "-f" "f968b73baba41f3bfa2dc507faedfa582aa47431f746b7d72f1b7cff36e89263", kill_on_drop: false }`
[INFO] [stdout] f968b73baba41f3bfa2dc507faedfa582aa47431f746b7d72f1b7cff36e89263
[INFO] running `Command { std: "docker" "create" "-v" "/var/lib/crater-agent-workspace/builds/worker-8/target:/opt/rustwide/target:rw,Z" "-v" "/var/lib/crater-agent-workspace/builds/worker-8/source:/opt/rustwide/workdir:ro,Z" "-v" "/var/lib/crater-agent-workspace/cargo-home:/opt/rustwide/cargo-home:ro,Z" "-v" "/var/lib/crater-agent-workspace/rustup-home:/opt/rustwide/rustup-home:ro,Z" "-e" "SOURCE_DIR=/opt/rustwide/workdir" "-e" "CARGO_TARGET_DIR=/opt/rustwide/target" "-e" "CARGO_INCREMENTAL=0" "-e" "RUST_BACKTRACE=full" "-e" "RUSTFLAGS=--cap-lints=forbid" "-e" "CARGO_HOME=/opt/rustwide/cargo-home" "-e" "RUSTUP_HOME=/opt/rustwide/rustup-home" "-w" "/opt/rustwide/workdir" "-m" "1610612736" "--user" "0:0" "--network" "none" "rustops/crates-build-env@sha256:a636fd89d022f18117e1dc8fb37a0a009933cdbbe082814857f0e2024962d47c" "/opt/rustwide/cargo-home/bin/cargo" "+cfbc6d4cf1acbac5c025acf8ed68929caa551df3" "check" "--frozen" "--all" "--all-targets" "--message-format=json", kill_on_drop: false }`
[INFO] [stdout] fe5b4217d2bc804f2450538c7bb658ecb652e77a72453b737470d037087bbda2
[INFO] [stderr] WARNING: Your kernel does not support swap limit capabilities or the cgroup is not mounted. Memory limited without swap.
[INFO] running `Command { std: "docker" "start" "-a" "fe5b4217d2bc804f2450538c7bb658ecb652e77a72453b737470d037087bbda2", kill_on_drop: false }`
[INFO] [stderr]     Blocking waiting for file lock on package cache
[INFO] [stderr]    Compiling syn v1.0.8
[INFO] [stderr]    Compiling serde v1.0.102
[INFO] [stderr]    Compiling byteorder v1.3.2
[INFO] [stderr]    Compiling arrayvec v0.4.12
[INFO] [stderr]     Checking strum v0.16.0
[INFO] [stderr]    Compiling num-traits v0.2.8
[INFO] [stderr]    Compiling num-integer v0.1.41
[INFO] [stderr]    Compiling num-complex v0.2.3
[INFO] [stderr]    Compiling num-rational v0.2.2
[INFO] [stderr]    Compiling rand v0.6.5
[INFO] [stderr]     Checking rand_core v0.3.1
[INFO] [stderr]    Compiling proc-macro2 v1.0.6
[INFO] [stderr]     Checking getrandom v0.1.13
[INFO] [stderr]     Checking rand_os v0.1.3
[INFO] [stderr]     Checking generic-array v0.12.3
[INFO] [stderr]     Checking rand_chacha v0.1.1
[INFO] [stderr]     Checking rand_xorshift v0.1.1
[INFO] [stderr]     Checking rand_hc v0.1.0
[INFO] [stderr]     Checking rand_isaac v0.1.1
[INFO] [stderr]     Checking rand v0.5.6
[INFO] [stderr]     Checking rand_core v0.5.1
[INFO] [stderr]    Compiling quote v1.0.2
[INFO] [stderr]     Checking rand_chacha v0.2.1
[INFO] [stderr]     Checking rand_pcg v0.2.1
[INFO] [stderr]     Checking rand v0.7.2
[INFO] [stderr]     Checking base64 v0.10.1
[INFO] [stderr]     Checking perlin_noise v1.0.1
[INFO] [stderr]     Checking approx v0.3.2
[INFO] [stderr]    Compiling serde_derive v1.0.102
[INFO] [stderr]    Compiling strum_macros v0.16.0
[INFO] [stderr]     Checking ron v0.5.1
[INFO] [stderr]     Checking alga v0.9.2
[INFO] [stderr]     Checking nalgebra v0.18.1
[INFO] [stderr]     Checking story-engine v0.1.0 (/opt/rustwide/workdir)
[INFO] [stdout] error[E0583]: file not found for module `world`
[INFO] [stdout]  --> src/main.rs:9:1
[INFO] [stdout]   |
[INFO] [stdout] 9 | mod world;
[INFO] [stdout]   | ^^^^^^^^^^
[INFO] [stdout]   |
[INFO] [stdout]   = help: to create the module `world`, create file "src/world.rs"
[INFO] [stdout] 
[INFO] [stdout] 
[INFO] [stdout] error[E0583]: file not found for module `world`
[INFO] [stdout]  --> src/main.rs:9:1
[INFO] [stdout]   |
[INFO] [stdout] 9 | mod world;
[INFO] [stdout]   | ^^^^^^^^^^
[INFO] [stdout]   |
[INFO] [stdout]   = help: to create the module `world`, create file "src/world.rs"
[INFO] [stdout] 
[INFO] [stdout] 
[INFO] [stdout] error[E0432]: unresolved import `crate::world::World`
[INFO] [stdout]   --> src/goals.rs:29:9
[INFO] [stdout]    |
[INFO] [stdout] 29 |     use crate::world::World;
[INFO] [stdout]    |         ^^^^^^^^^^^^^^^^^^^ no `World` in `world`
[INFO] [stdout] 
[INFO] [stdout] 
[INFO] [stdout] error[E0432]: unresolved import `crate::world::World`
[INFO] [stdout]   --> src/goals.rs:29:9
[INFO] [stdout]    |
[INFO] [stdout] 29 |     use crate::world::World;
[INFO] [stdout]    |         ^^^^^^^^^^^^^^^^^^^ no `World` in `world`
[INFO] [stdout] 
[INFO] [stdout] 
[INFO] [stdout] error[E0425]: cannot find function `zoo` in module `world`
[INFO] [stdout]   --> src/main.rs:74:24
[INFO] [stdout]    |
[INFO] [stdout] 74 |     let world = world::zoo(&mut rand);
[INFO] [stdout]    |                        ^^^ not found in `world`
[INFO] [stdout] 
[INFO] [stdout] 
[INFO] [stdout] warning: unused import: `events`
[INFO] [stdout]  --> src/person.rs:2:13
[INFO] [stdout]   |
[INFO] [stdout] 2 | use crate::{events, knowledge};
[INFO] [stdout]   |             ^^^^^^
[INFO] [stdout]   |
[INFO] [stdout]   = note: `#[warn(unused_imports)]` on by default
[INFO] [stdout] 
[INFO] [stdout] 
[INFO] [stdout] error[E0425]: cannot find function `zoo` in module `world`
[INFO] [stdout]   --> src/main.rs:74:24
[INFO] [stdout]    |
[INFO] [stdout] 74 |     let world = world::zoo(&mut rand);
[INFO] [stdout]    |                        ^^^ not found in `world`
[INFO] [stdout] 
[INFO] [stdout] 
[INFO] [stdout] warning: unused import: `events`
[INFO] [stdout]  --> src/person.rs:2:13
[INFO] [stdout]   |
[INFO] [stdout] 2 | use crate::{events, knowledge};
[INFO] [stdout]   |             ^^^^^^
[INFO] [stdout]   |
[INFO] [stdout]   = note: `#[warn(unused_imports)]` on by default
[INFO] [stdout] 
[INFO] [stdout] 
[INFO] [stdout] error[E0609]: no field `sub_goals` on type `&person::Goal`
[INFO] [stdout]    --> src/person.rs:140:35
[INFO] [stdout]     |
[INFO] [stdout] 140 |         statuses.append(&mut self.sub_goals.iter().map(|goal|goal.statuses()).collect());
[INFO] [stdout]     |                                   ^^^^^^^^^ unknown field
[INFO] [stdout]     |
[INFO] [stdout]     = note: available fields are: `kind`, `achieved`, `expanded`
[INFO] [stdout] 
[INFO] [stdout] 
[INFO] [stdout] error: aborting due to 4 previous errors; 1 warning emitted
[INFO] [stdout] 
[INFO] [stdout] 
[INFO] [stdout] Some errors have detailed explanations: E0425, E0432, E0583, E0609.
[INFO] [stdout] 
[INFO] [stdout] For more information about an error, try `rustc --explain E0425`.
[INFO] [stdout] 
[INFO] [stdout] error[E0609]: no field `sub_goals` on type `&person::Goal`
[INFO] [stdout]    --> src/person.rs:140:35
[INFO] [stdout]     |
[INFO] [stdout] 140 |         statuses.append(&mut self.sub_goals.iter().map(|goal|goal.statuses()).collect());
[INFO] [stdout]     |                                   ^^^^^^^^^ unknown field
[INFO] [stdout]     |
[INFO] [stdout]     = note: available fields are: `kind`, `achieved`, `expanded`
[INFO] [stdout] 
[INFO] [stdout] 
[INFO] [stderr] error: could not compile `story-engine`.
[INFO] [stderr] 
[INFO] [stderr] To learn more, run the command again with --verbose.
[INFO] [stderr] warning: build failed, waiting for other jobs to finish...
[INFO] [stdout] error: aborting due to 4 previous errors; 1 warning emitted
[INFO] [stdout] 
[INFO] [stdout] 
[INFO] [stdout] Some errors have detailed explanations: E0425, E0432, E0583, E0609.
[INFO] [stdout] 
[INFO] [stdout] For more information about an error, try `rustc --explain E0425`.
[INFO] [stdout] 
[INFO] [stderr] error: build failed
[INFO] running `Command { std: "docker" "inspect" "fe5b4217d2bc804f2450538c7bb658ecb652e77a72453b737470d037087bbda2", kill_on_drop: false }`
[INFO] running `Command { std: "docker" "rm" "-f" "fe5b4217d2bc804f2450538c7bb658ecb652e77a72453b737470d037087bbda2", kill_on_drop: false }`
[INFO] [stdout] fe5b4217d2bc804f2450538c7bb658ecb652e77a72453b737470d037087bbda2
